 42 (base 5) in base 8?
26
Convert -25 (base 8) to base 3.
-210
Convert -44 (base 16) to base 4.
-1010
26 (base 13) to base 15
22
42 (base 12) to base 16
32
Convert 1101 (base 3) to base 14.
29
-4 (base 9) to base 11
-4
-1001 (base 2) to base 15
-9
What is 5 (base 13) in base 7?
5
What is -12 (base 12) in base 5?
-24
What is -1 (base 5) in base 6?
-1
-11 (base 3) to base 13
-4
-4 (base 10) to base 7
-4
Convert d (base 15) to base 8.
15
-8 (base 13) to base 16
-8
2 (base 3) to base 12
2
What is bc (base 16) in base 11?
161
100 (base 2) to base 3
11
What is 2310 (base 4) in base 13?
10b
Convert -d (base 15) to base 9.
-14
Convert -9 (base 13) to base 3.
-100
3 (base 12) to base 2
11
-1 (base 15) to base 7
-1
Convert -18 (base 13) to base 8.
-25
What is 24 (base 5) in base 7?
20
What is 7 (base 14) in base 7?
10
19 (base 11) to base 13
17
What is 3 (base 10) in base 12?
3
Convert -30 (base 10) to base 13.
-24
What is -5 (base 7) in base 8?
-5
Convert 31 (base 10) to base 4.
133
What is 1110 (base 2) in base 7?
20
Convert -12200 (base 3) to base 14.
-ad
Convert -6 (base 12) to base 8.
-6
What is 0 (base 8) in base 2?
0
What is 60 (base 7) in base 15?
2c
What is 2b (base 13) in base 5?
122
Convert 11 (base 3) to base 8.
4
What is 6 (base 10) in base 3?
20
-4 (base 5) to base 4
-10
What is -28 (base 12) in base 10?
-32
What is 3 (base 6) in base 10?
3
What is 6 (base 15) in base 2?
110
74 (base 13) to base 7
164
Convert -34 (base 15) to base 9.
-54
Convert 41 (base 8) to base 13.
27
What is 31 (base 14) in base 16?
2b
Convert 0 (base 8) to base 16.
0
Convert 3 (base 5) to base 12.
3
What is -61 (base 7) in base 9?
-47
-1 (base 14) to base 10
-1
What is 2211 (base 4) in base 9?
203
-5 (base 8) to base 7
-5
What is 52 (base 16) in base 13?
64
a (base 11) to base 9
11
-21 (base 3) to base 12
-7
Convert -24 (base 12) to base 14.
-20
Convert -91 (base 10) to base 14.
-67
-4 (base 5) to base 7
-4
What is -100 (base 2) in base 3?
-11
-143 (base 5) to base 7
-66
-3 (base 9) to base 2
-11
What is -2 (base 16) in base 12?
-2
-11 (base 2) to base 9
-3
What is -11 (base 11) in base 5?
-22
-64 (base 12) to base 10
-76
Convert -5b (base 14) to base 10.
-81
1 (base 9) to base 13
1
Convert a (base 13) to base 15.
a
What is -1b (base 13) in base 10?
-24
Convert -71 (base 14) to base 11.
-90
What is -6 (base 8) in base 3?
-20
27 (base 10) to base 7
36
-66 (base 9) to base 3
-2020
Convert -130 (base 8) to base 16.
-58
What is -2 (base 7) in base 10?
-2
-42 (base 6) to base 8
-32
46 (base 8) to base 12
32
1011 (base 2) to base 3
102
Convert -27 (base 16) to base 2.
-100111
Convert -41 (base 9) to base 7.
-52
What is 12122 (base 3) in base 8?
230
Convert -2201 (base 5) to base 14.
-177
What is -1100001 (base 2) in base 11?
-89
Convert 11 (base 3) to base 14.
4
Convert -1 (base 5) to base 14.
-1
What is -43 (base 9) in base 2?
-100111
What is -24 (base 13) in base 12?
-26
What is -2 (base 11) in base 10?
-2
8a (base 11) to base 6
242
124 (base 5) to base 16
27
30 (base 13) to base 7
54
-333 (base 4) to base 5
-223
-2 (base 7) to base 3
-2
What is 0 (base 5) in base 8?
0
What is -110 (base 6) in base 3?
-1120
What is 6 (base 9) in base 10?
6
What is 3 (base 4) in base 11?
3
15 (base 7) to base 4
30
-7 (base 13) to base 15
-7
-11 (base 5) to base 12
-6
Convert -12 (base 6) to base 15.
-8
3 (base 15) to base 3
10
What is 6 (base 10) in base 9?
6
Convert 53 (base 6) to base 10.
33
What is 22 (base 9) in base 11?
19
What is 13 (base 13) in base 5?
31
3 (base 11) to base 12
3
What is -b (base 12) in base 6?
-15
-77 (base 14) to base 2
-1101001
What is -21 (base 3) in base 13?
-7
Convert 19 (base 10) to base 15.
14
What is 234 (base 8) in base 5?
1111
What is -1 (base 4) in base 2?
-1
-10 (base 13) to base 12
-11
Convert 24 (base 15) to base 10.
34
344 (base 6) to base 9
161
Convert -28 (base 15) to base 2.
-100110
-4 (base 15) to base 2
-100
d2 (base 15) to base 6
525
Convert -228 (base 10) to base 2.
-11100100
Convert -1 (base 11) to base 15.
-1
-200 (base 5) to base 7
-101
14 (base 12) to base 15
11
Convert -15 (base 16) to base 5.
-41
-2 (base 4) to base 11
-2
Convert -5 (base 11) to base 12.
-5
Convert -20 (base 15) to base 8.
-36
Convert 41 (base 8) to base 16.
21
2 (base 16) to base 8
2
What is -14 (base 16) in base 10?
-20
Convert 0 (base 11) to base 12.
0
What is -23 (base 8) in base 9?
-21
Convert 3 (base 9) to base 11.
3
144 (base 8) to base 4
1210
Convert -5 (base 10) to base 3.
-12
What is -2 (base 14) in base 9?
-2
What is -93 (base 16) in base 10?
-147
Convert -1 (base 10) to base 16.
-1
What is -434 (base 8) in base 5?
-2114
-1 (base 12) to base 11
-1
What is -173 (base 11) in base 15?
-d6
What is -150 (base 11) in base 5?
-1201
Convert -e (base 16) to base 15.
-e
What is -2 (base 4) in base 10?
-2
What is 1 (base 11) in base 5?
1
13 (base 5) to base 9
8
Convert -3 (base 10) to base 15.
-3
Convert d (base 16) to base 12.
11
Convert 15 (base 6) to base 8.
13
134 (base 14) to base 6
1042
What is -1 (base 5) in base 12?
-1
Convert -13 (base 12) to base 2.
-1111
-3 (base 8) to base 3
-10
3 (base 4) to base 14
3
Convert 0 (base 3) to base 11.
0
2 (base 6) to base 10
2
Convert -272 (base 8) to base 3.
-20220
-10133 (base 4) to base 3
-101122
Convert -87 (base 16) to base 13.
-a5
-11001 (base 2) to base 9
-27
What is 101 (base 7) in base 3?
1212
-3 (base 9) to base 14
-3
What is 30 (base 4) in base 11?
11
Convert 54 (base 11) to base 15.
3e
What is -2 (base 13) in base 16?
-2
11 (base 13) to base 11
13
-110 (base 3) to base 6
-20
41 (base 8) to base 4
201
What is -1 (base 8) in base 13?
-1
Convert -4 (base 6) to base 7.
-4
Convert -1112 (base 3) to base 5.
-131
-555 (base 7) to base 13
-18c
274 (base 8) to base 9
228
What is a (base 15) in base 2?
1010
What is 5 (base 6) in base 15?
5
Convert -30 (base 4) to base 2.
-1100
8 (base 13) to base 15
8
Convert 113 (base 7) to base 6.
135
What is 15 (base 12) in base 9?
18
-3 (base 9) to base 6
-3
What is -68 (base 12) in base 11?
-73
-13 (base 8) to base 4
-23
3 (base 11) to base 5
3
Convert 2 (base 8) to base 10.
2
What is 3 (base 16) in base 15?
3
211 (base 8) to base 13
a7
Convert 34 (base 13) to base 16.
2b
What is -6 (base 14) in base 11?
-6
Convert 97 (base 12) to base 15.
7a
What is 3 (base 12) in base 3?
10
0 (base 3) to base 9
0
What is 249 (base 11) in base 5?
2140
Convert -17 (base 15) to base 3.
-211
What is 1001 (base 2) in base 7?
12
6 (base 16) to base 15
6
10 (base 4) to base 14
4
What is 116 (base 8) in base 7?
141
Convert -1 (base 6) to base 12.
-1
What is 25 (base 7) in base 8?
23
What is 6 (base 8) in base 11?
6
What is -4 (base 14) in base 8?
-4
0 (base 4) to base 5
0
What is -5 (base 15) in base 14?
-5
What is -6 (base 7) in base 16?
-6
What is 2b (base 15) in base 3?
1112
What is -11103 (base 4) in base 13?
-201
What is 0 (base 13) in base 11?
0
Convert 2 (base 3) to base 2.
10
What is 236 (base 9) in base 13?
120
Convert 23 (base 11) to base 10.
25
Convert 100 (base 2) to base 12.
4
3 (base 4) to base 7
3
What is -46 (base 14) in base 9?
-68
Convert -2 (base 6) to base 14.
-2
0 (base 2) to base 10
0
What is -3 (base 9) in base 5?
-3
-1000110 (base 2) to base 6
-154
What is 29 (base 12) in base 13?
27
What is 2 (base 6) in base 9?
2
What is 7 (base 16) in base 7?
10
Convert -77 (base 8) to base 15.
-43
What is 44 (base 14) in base 3?
2020
4 (base 12) to base 10
4
Convert -5 (base 12) to base 3.
-12
1c (base 15) to base 7
36
442 (base 5) to base 8
172
Convert 0 (base 12) to base 7.
0
-452 (base 6) to base 12
-128
Convert 41 (base 11) to base 6.
113
Convert -a (base 15) to base 16.
-a
1a (base 15) to base 2
11001
What is 2 (base 11) in base 8?
2
What is 100011 (base 2) in base 11?
32
-21001 (base 3) to base 7
-361
What is 313 (base 5) in base 4?
1103
What is 0 (base 11) in base 13?
0
Convert -10 (base 9) to base 12.
-9
Convert -54 (base 10) to base 6.
-130
What is 0 (base 16) in base 10?
0
-a5 (base 14) to base 13
-b2
What is 1 (base 15) in base 16?
1
What is -3 (base 12) in base 8?
-3
What is 1 (base 13) in base 8?
1
75 (base 10) to base 14
55
4 (base 11) to base 4
10
What is -613 (base 7) in base 8?
-460
102 (base 6) to base 5
123
-279 (base 10) to base 16
-117
109 (base 10) to base 3
11001
23 (ba